ose 15*a = -4*o + 12*a + 368, 8 = -2*a. Calculate the highest common factor of 65 and o.
5
Let w = 4 + -7. Let r be -4 + (-11)/w + 290/6. Let z = r + -46. What is the greatest common divisor of 5 and z?
1
Let g(q) = -3*q - 9 + 6 + 6*q + 11. Let a be g(2). Let s = 6 + a. What is the greatest common divisor of 60 and s?
20
Let x be ((-42)/14)/((-3)/224) - -6. Suppose 260 = 20*i - 140. Calculate the greatest common divisor of x and i.
10
Suppose -10*a + 19*a = -3861. Let y = 481 + a. Calculate the highest common divisor of y and 572.
52
Let p be (-8)/16 - 2/(12/(-585)). Suppose 3*i + 8 = -1, -2*h - i + 179 = 0. Suppose h = 4*r - p. Calculate the greatest common factor of r and 141.
47
Let j = -7579 - -7592. Calculate the highest common divisor of j and 4381.
13
Let l be 4/(-6)*(-4 + -158). Let c be 174/232 + (-15)/(-4) + (-15)/30. What is the highest common factor of l and c?
4
Suppose 20*l = 17*l + 102. Let k(w) = 3*w**2 - 11*w. Let c be k(17). Calculate the greatest common divisor of l and c.
34
Let a(s) = -270*s - 3482. Let z be a(-13). What is the greatest common divisor of z and 1712?
4
Suppose 5 = 5*a, 2*c - 7*c + 66 = -9*a. Calculate the greatest common divisor of c and 2895.
15
Suppose i = 24 + 161. Let y be 1/(-2) + 5 + 1 - (-1)/(-2). Calculate the highest common factor of y and i.
5
Suppose -10*i - 14999 = -5289. Let z = 1394 + i. Calculate the greatest common factor of 47 and z.
47
Suppose -3*g - 2*k = -238, 2*g - 4*g + 4*k + 180 = 0. What is the highest common divisor of g and 48?
2
Suppose 0 = -5*h - 5*c + 10100, 6204 = 5*h + 2*c - 3884. Calculate the greatest common factor of h and 1232.
112
Suppose -7*l = -3*a - 3*l - 13, 5*l = 20. Let h(s) = 70*s - 50. Let y be h(a). Calculate the highest common divisor of y and 470.
10
Suppose 59 = -2*u + 2959. Calculate the greatest common divisor of 100 and u.
50
Let m = 172 + -585. Let r = 385 + -662. Let f = r - m. Calculate the greatest common divisor of 17 and f.
17
Let i = -2213 - -2317. What is the greatest common divisor of 64 and i?
8
Let l = 360 - 358. Suppose l*i + 96 = 5*k + i, 0 = 2*i + 2. What is the highest common factor of k and 361?
19
Suppose -20 = -7*z + 64. Suppose -45 = -11*t + 87. Let c be (36/21)/((t/(-63))/(-2)). Calculate the highest common divisor of c and z.
6
Let b be (-328)/(-84) + (-4)/(-42). Suppose -j + 4*p + 20 = 12, -b*p - 20 = -2*j. Let q be (6/9)/(1/18). Calculate the highest common divisor of q and j.
12
Let h = -4882 + 5850. What is the greatest common factor of h and 112?
8
Let q(u) = 138*u - 943. Let k be q(7). What is the greatest common factor of 2 and k?
1
Suppose -23*p + 5*o = -24*p + 10056, 4*o + 30054 = 3*p. What is the highest common divisor of 18 and p?
18
Let c(q) = 552*q**2 - 10*q + 4. Let p be c(-2). What is the greatest common divisor of 8 and p?
8
Suppose 4*z + 17*t = 19*t + 19106, 4*t = 5*z - 23887. What is the greatest common divisor of 50 and z?
25
Let k be 13 - 2 - (4 + -3). Suppose 677 = 5*n - 2*v, 282 + 141 = 3*n + 3*v. Let p = 197 - n. Calculate the greatest common divisor of p and k.
10
Suppose 3*v - 5*i = -7 + 381, 3*v - 380 = 2*i. What is the greatest common factor of 16 and v?
16
Let d = 83 - 113. Let c be (30/9 - 1)*d/(-2). Suppose 0 = -2*t - 5*t + c. What is the greatest common divisor of 55 and t?
5
Suppose -51*k = -40*k. Suppose k*z - 1242 = -6*z. Let w(s) = -s**3 - 4*s**2 - 5*s + 3. Let b be w(-4). What is the highest common divisor of z and b?
23
Let q be (-9 - -2)/42 - 133/(-6). Suppose -n + u + 4 = -15, q = 2*n + 2*u. Let w = n + -4. Calculate the greatest common divisor of w and 121.
11
Suppose -96 = -3*w + 3*v, 3*w + 0*w - 4*v - 96 = 0. Suppose 0 = 27*c - w*c + 150. Calculate the greatest common factor of c and 250.
10
Suppose -106*x = -277*x + 2924100. What is the highest common divisor of 57 and x?
57
Let b(v) = 28*v + 1. Let h be b(1). Let m = -662 + 293. Let j = -137 - m. What is the greatest common divisor of j and h?
29
Let x = 11938 + -11797. What is the highest common divisor of 186 and x?
3
Suppose -4*a - 31*i + 8355 = -36*i, -4*i - 6266 = -3*a. What is the highest common factor of 154 and a?
22
Suppose i = -156 + 221. Suppose 0 = -4*m + 16 + 88. Calculate the highest common factor of m and i.
13
Suppose 19*g = -230 + 2700. Suppose 5*a + 1200 = h - 2*h, a - 5896 = 5*h. Let b be h/(-45) + (-2)/9. What is the highest common factor of g and b?
26
Let r = -1809 - -1819. Calculate the greatest common divisor of r and 1130.
10
Let r = 80 + -78. Suppose 2*g - 12 + r = -2*p, 0 = 4*p - 3*g + 1. What is the greatest common factor of 2 and p?
2
Let u be (15 - 1) + -1 + -2. Suppose -u*q = -15 - 95. Let c be -2*1 - -2 - -2. Calculate the greatest common factor of c and q.
2
Suppose 9*u + 8*u + 340 = 0. Let z be u/(((-36)/(-21))/(-6)). What is the greatest common divisor of 10 and z?
10
Let n = 107 - 48. Suppose -z + 3*i - 6*i = -n, -55 = -z - i. Calculate the highest common factor of 53 and z.
53
Suppose -d - 6*d = -21398 - 55497. What is the greatest common factor of 338 and d?
169
Let x(l) = 24*l**2 + 13*l - 47. Let a(p) = 13*p**2 + 7*p - 24. Let y(h) = 11*a(h) - 6*x(h). Let v be y(-4). Calculate the greatest common factor of v and 6.
6
Let i = 264 + -228. Let m = 382 - 76. Calculate the highest common factor of i and m.
18
Suppose 4*o - 74 = -3*j + 1383, 4*o = -4*j + 1936. Let w be 149 + (8*(-1)/10)/(22/(-55)). Suppose j + w = 10*a. Calculate the highest common factor of 21 and a.
21
Suppose -29331 = -38*n - 8811. Suppose -16 = -v + 4. What is the highest common factor of v and n?
20
Let z = 57 + -75. Let k be (-6)/(z/57) + 4. Suppose 2*g - 76 = -4*t + 22, -4*t + g + 89 = 0. Calculate the highest common factor of t and k.
23
Let y(j) = 31*j + 1. Let x be y(7). Let d be (706/3)/(20/(-12)) - 6/(-30). Let n = x + d. What is the greatest common factor of n and 7?
7
Suppose -204*t - 151*t + 7100 = 0. Suppose 2*y - 5*q = 540, 5*q = -2*y - 0*y + 500. Calculate the highest common factor of t and y.
20
Let k = 4798 - 4753. Let n = -13 + 19. Suppose n + 9 = w. Calculate the greatest common factor of w and k.
15
Let c = 1519 + 521. Suppose 14*n + d - 8165 = 10*n, -c = -n + d. What is the greatest common factor of n and 13?
13
Let o be 12/24 + 28257/30 - (-3)/5. Let i(l) = l**3 + 2*l**2 - 2*l + 2. Let d be i(3). What is the highest common divisor of o and d?
41
Suppose 5*s = -5*a + 140 + 715, -3*a = 4*s - 515. Calculate the highest common divisor of 312 and a.
13
Let z be ((-5858)/1160)/(3/(-4168)) - 2/15. What is the highest common factor of 8 and z?
8
Let g be ((-7)/28*-8)/1. Suppose -4*l - 25*u + 28*u + 86 = 0, -3*l = g*u - 56. Calculate the greatest common factor of l and 860.
20
Let d(o) = o**2 - o - 1. Let w = 12 + -14. Let u be d(w). Suppose 2*k + 3*c - 7 = 120, -4*k + 259 = c. Calculate the greatest common divisor of k and u.
5
Let i(m) = -2*m**3 - 28*m + 8328. Let f be i(0). What is the highest common divisor of f and 24?
24
Let t(z) = z**2 - 55*z + 55. Let o be t(0). What is the greatest common factor of o and 1034?
11
Let n = -7530 - -10440. Calculate the highest common factor of 18 and n.
6
Suppose -22 = -5*s + 4*w, 5*s = w + 4*w + 25. Let o be s/5*(-13 + 3). Let j be o - (-685)/45 - (-2)/(-9). What is the greatest common factor of j and 11?
11
Let i(d) = d**2 + 43*d - 4321. Let v be i(60). What is the greatest common factor of 22 and v?
11
Suppose 4*b + 365 = -4*r + 1905, 3*r - 2*b - 1180 = 0. Calculate the greatest common divisor of 12 and r.
6
Let f(o) = 188*o**2 + 118*o + 115. Let x be f(-1). Calculate the greatest common factor of x and 2960.
185
Suppose 12 = f + 3*f. Suppose -7*j = -f*j + 248. Let w = 107 + j. Calculate the highest common divisor of 9 and w.
9
Let y(r) = 16*r + 2. Let n be y(2). Suppose l - n = 3*z, 5*l + 4*z - 90 = 3*z. Let h = -4081 + 4100. What is the highest common divisor of l and h?
19
Let i = -28 - -29. Let z be (i - 6)*(-8)/10. Let j be 2 + -1 + (29 - z). Calculate the highest common divisor of 78 and j.
26
Suppose 0 = -5*g + 5*v + 3170, -139*g + 144*g + 5*v - 3200 = 0. What is the highest common factor of g and 147?
49
Let z(j) = -18*j - 51 + 0*j + 272 + 9*j. Let c be z(21). What is the greatest common factor of 864 and c?
32
Suppose -37*r + 2520 = -30*r. Calculate the greatest common fa